 + 2077 = 94*n - 353. What is the greatest common factor of 27 and n?
27
Let k = -941 - -1663. Calculate the greatest common divisor of 209 and k.
19
Suppose 382*i - 714*i = -377*i + 52110. What is the highest common divisor of i and 42?
6
Suppose 21 = 2*q + i, q = 842*i - 846*i. Calculate the highest common divisor of 26244 and q.
12
Let l = 849 - 825. Let o(g) = -g**3 - 16*g**2 + 11*g - 42. Let k be o(-17). What is the highest common factor of l and k?
12
Let z = 31 - 36. Let a be (22/(-12) - -1)*(-11 - z). Suppose 5*d + 2*c - a*c = 412, 152 = 2*d + 2*c. What is the greatest common divisor of 16 and d?
16
Let v(l) = l**3 + 7*l**2 - 9*l - 25. Let f be v(-6). Calculate the greatest common factor of 949 and f.
13
Let f(s) = -7*s**3. Suppose c - 16 = -15. Let m be f(c). Let p(d) = d**3 + 9*d**2 + d + 14. Let b be p(m). Calculate the greatest common divisor of b and 21.
21
Let g be (62/12 - (-245)/(-147))*2/1. Calculate the highest common factor of 5404 and g.
7
Suppose -2*b + 29 = b - 4*r, -b + 5*r = -28. Let y be ((-2)/b)/((-13)/1482). What is the greatest common divisor of 57 and y?
19
Let o = -44 - -42. Let u be 2/(105/30 - (1 - o)). Suppose -u*v = 2*i - 34, 2*i + 2*i = -v + 61. What is the highest common factor of 15 and i?
15
Let y be (1 - (-1 + 1)) + 4. Let p be 6*(-2)/((-2)/y). Suppose 0 = -55*v + 4358 - 3698. What is the highest common divisor of p and v?
6
Let y(b) = -14*b - 77. Let g be y(-4). Let r(c) = c**3 + 20*c**2 - 26*c - 60. Let n be r(g). Calculate the highest common factor of 1395 and n.
45
Suppose 17*r - 20*r - 6 = 0, 2*s - r = 22. What is the greatest common factor of s and 7045?
5
Let c(w) = w**2 - 2*w + 2. Let n be c(4). Let y = 78784 + -78774. What is the greatest common factor of y and n?
10
Let n = 3487 - 721. What is the highest common divisor of n and 6?
6
Let u = 716 + -716. Suppose w - 5 = u, j + 2*w = -2*w + 81. Calculate the greatest common divisor of j and 427.
61
Let g = -36 + 52. Let n = 20 - g. Let b be n + 67/4 - (-2)/8. Calculate the highest common divisor of b and 63.
21
Let h(b) = -b**2 + 40*b - 27. Let j be h(13). Suppose 66*p + j = 72*p. What is the highest common divisor of 4 and p?
2
Suppose -4*c - 44 = -2*p, -p + 5*p - 140 = -5*c. Let s(v) = -2*v**2 + 59*v + 65. Let d be s(p). What is the greatest common divisor of d and 35?
35
Let g be (-12383)/1131 - -11 - (-288091)/39. What is the highest common factor of g and 445?
89
Let t be (27/(-6))/(12/32). Let l(i) = i**2 + 12*i + 27. Let o be l(t). Let f = 120 + 15. Calculate the highest common divisor of o and f.
27
Let k = -16610 + 16804. Calculate the highest common divisor of k and 21728.
194
Let m(q) = -2*q**2 + 57*q - 64. Let a be m(27). Let r = 45 + 21. Let f be r/2 + (-3)/(-3). What is the highest common divisor of a and f?
17
Let d(s) = -41*s + 286. Let f be d(7). Let l be (10/(-5))/(1/15*f). What is the highest common factor of 150 and l?
30
Let z(p) be the first derivative of 3*p**4/4 - 11*p**3/3 - p**2/2 - 152. Let j be z(4). Calculate the highest common factor of j and 132.
12
Let s = -131083 - -131102. Let l be -76*(25/(-4) - 0). Calculate the highest common factor of s and l.
19
Let l be (-1)/2 + (-56)/16 - 212. Let r be 2 + (1 - l) + -3. What is the highest common divisor of r and 72?
72
Let c = -410 - -413. Let z(w) = -2*w**3 + 5*w**2 + 6*w + 3. Let y be z(c). Let l be (-51)/(-9) + (-1)/(-3). What is the highest common divisor of l and y?
6
Let o(j) = 4*j - 3. Let d be o(2). Let t = -103 - -118. Calculate the greatest common divisor of d and t.
5
Suppose -2*u - 2*o + 50 = 0, 4*o = -3*u + 19 + 55. Let a(p) = 0*p**2 - 4*p**2 + 5*p**2 - 11 - 2*p. Let v be a(9). What is the highest common factor of u and v?
26
Let q = 1177 + -777. Suppose -q = -4*k - k. What is the greatest common divisor of 20 and k?
20
Let s = 231 - 226. Suppose 2*d - s*g - 60 = -3*d, -4*g = -3*d + 41. What is the highest common factor of 1 and d?
1
Suppose 0 = 3*i - 387 + 135. Let m = i - -111. Suppose -180 - m = -5*q. Calculate the highest common divisor of 25 and q.
25
Let b(n) = -27*n**3 - 3*n**2 - 4*n - 2. Let c be b(-1). Let z be 2*-182*(-9)/36. Calculate the highest common factor of z and c.
13
Let z be 4/(-22) + 2784/66. Let y = -36 + z. Suppose -y*q + 74 = -70. What is the highest common divisor of 24 and q?
24
Let d(f) = 78 - 12*f - 20 + 51. Let t be d(9). Suppose -5*i + 26 = -i + 3*g, 0 = -2*i - 5*g + 6. What is the greatest common divisor of i and t?
1
Let y(n) = n**3 - 2*n**2 - 8*n + 74. Let a be y(4). What is the highest common divisor of 14 and a?
2
Suppose -168 = -4*f + 632. Suppose 4*s + f = 9*s. Let w = -24 + s. What is the greatest common factor of 64 and w?
16
Let i be (8 - (1 - 1))/((-2)/(-8)). Let q be (46 - 10)*24/9. Calculate the greatest common factor of q and i.
32
Let m(v) = -v - 37. Let p be m(-40). Suppose -r = -5*z - 395, r = -p*z - 276 + 663. Calculate the greatest common divisor of 65 and r.
65
Suppose 500 - 22 = 5*h + 3*g, -4*g = -4*h + 376. Let d = h - 59. Calculate the greatest common factor of 18 and d.
18
Let c(h) = 70*h**3 - h**2 + 3*h. Let l be c(-2). Let t = 693 + l. Calculate the greatest common divisor of 1353 and t.
123
Let t(r) = 176*r**2 + 4*r - 5. Let z = 191 + -190. Let p be t(z). Calculate the greatest common divisor of 70 and p.
35
Let h = 3 - 2. Let v = -63534 + 63553. What is the greatest common divisor of v and h?
1
Let v(s) = -20*s + 81. Let z be v(4). Let c(u) = 905*u - 2. Let h be c(z). What is the greatest common factor of h and 21?
21
Suppose 44*l = 37387 + 135336 + 73633. What is the greatest common factor of l and 11?
11
Let o be 26/1 - ((-38)/247 + 252/117). What is the highest common divisor of 4336 and o?
8
Let i = 136 - 141. Let r = i - -15. What is the highest common factor of r and 270?
10
Let f(i) = -13*i - 16. Let r be f(-4). Suppose h = t - 7, 3*t - h = 3*h + 22. Suppose -2*q - 96 = -t*q. Calculate the greatest common factor of q and r.
12
Suppose k + 8*r - 6 = 3*r, -r + 24 = 4*k. Let n be (3/6)/(-4 + 1519/378). What is the highest common factor of n and k?
3
Let b be ((1 - 1) + 6 - 8)*(-2909 - -10). Calculate the greatest common divisor of b and 26.
26
Let w be 831 + (-9 - 4 - -8). Let y be (-1)/(-2) - (-54)/4. Calculate the greatest common divisor of w and y.
14
Let l(n) = 115*n + 6643. Let j be l(-53). Calculate the greatest common factor of j and 3973.
137
Suppose -5*m = 33 - 1373. Let z = m + -242. Suppose 39 = -5*p + 6*p. What is the greatest common divisor of z and p?
13
Suppose -4*i = 4*p + 494 - 1606, i = -3*p + 824. What is the greatest common divisor of p and 1794?
39
Let i be (9/9)/((-8)/(-64)). Calculate the highest common divisor of i and 202.
2
Let u = 1 - 1. Let y(n) = -n + 143. Let d be y(u). Let i(x) = -904*x - 79539. Let b be i(-88). What is the greatest common factor of b and d?
13
Let i(g) = -18*g + 25. Let r be i(-15). Suppose 0 = -4*a - 0*d - 3*d + 597, -2*a + r = 5*d. Calculate the highest common factor of 90 and a.
30
Let q = 1752 - 1713. Let m be 1*68 + 3/(-1). What is the highest common divisor of q and m?
13
Let c(k) = -k**3 + 33*k**2 - 36*k + 156. Let y be c(32). What is the highest common factor of y and 1344?
28
Let q(k) = 20*k + 17. Let s be q(5). Let c = 39 + s. Let x = 85 + -46. What is the greatest common factor of x and c?
39
Let f(x) = 31*x**2 - 433*x + 44. Let s be f(14). Suppose -4*a + 5*h + 580 = 0, -5*h - 580 = -4*a - h. What is the greatest common factor of a and s?
29
Let i = -99 - -105. Let y(o) = 6*o**2 - 18*o + 11. Let b be y(i). Calculate the greatest common factor of b and 68.
17
Suppose 0 = 73*y - 65*y - 24. Suppose 4*z + 320 = 2*b, y*z = -3*b + 7*b - 630. What is the highest common factor of b and 572?
52
Let p(c) = 2*c**2 - c - 1. Let g(w) = -2*w**2 - 17*w + 32. Let h(u) = g(u) + 2*p(u). Let m be h(15). Calculate the highest common divisor of m and 10.
5
Suppose 4*f - 2074 = -z, 2*f = -10 + 2. What is the greatest common divisor of z and 55?
55
Let v(j) = j**2 + 12*j + 62. Let r be v(-37). What is the highest common divisor of r and 42?
21
Let f(w) = 23*w**2 - 6*w - 8. Let p be f(6). Suppose 28*b = 14*b + p. Calculate the greatest common factor of b and 112.
56
Suppose -107*h = -113*h + 726. What is the highest common factor of h and 1100?
11
Let a = 173